hat are the prime factors of 320919?
3, 23, 4651
What are the prime factors of 11614?
2, 5807
List the prime factors of 3515698.
2, 1757849
List the prime factors of 437370.
2, 3, 5, 61, 239
List the prime factors of 4237831.
13, 325987
List the prime factors of 5360339.
5360339
What are the prime factors of 8262607?
41, 137, 1471
List the prime factors of 420788.
2, 59, 1783
List the prime factors of 71632.
2, 11, 37
List the prime factors of 13808853.
3, 511439
List the prime factors of 1781317.
1781317
What are the prime factors of 1728128?
2, 23, 587
What are the prime factors of 1040651?
1040651
What are the prime factors of 25760903?
7, 19, 29, 6679
What are the prime factors of 446078?
2, 29, 7691
What are the prime factors of 1457192?
2, 11, 29, 571
What are the prime factors of 76957?
41, 1877
What are the prime factors of 136280?
2, 5, 3407
What are the prime factors of 181898?
2, 103, 883
List the prime factors of 105454.
2, 52727
What are the prime factors of 215011?
127, 1693
What are the prime factors of 243246?
2, 3, 71, 571
List the prime factors of 10890931.
17, 101, 6343
What are the prime factors of 13740564?
2, 3, 31, 43, 859
List the prime factors of 212656.
2, 13291
List the prime factors of 2691090.
2, 3, 5, 9967
What are the prime factors of 648086?
2, 31, 10453
List the prime factors of 329522.
2, 37, 61, 73
What are the prime factors of 967774?
2, 673, 719
List the prime factors of 354892.
2, 17, 307
List the prime factors of 421858.
2, 210929
List the prime factors of 974846.
2, 487423
What are the prime factors of 6753287?
467, 14461
List the prime factors of 3388675.
5, 89, 1523
List the prime factors of 35326.
2, 17, 1039
What are the prime factors of 927280?
2, 5, 67, 173
List the prime factors of 5833967.
5833967
What are the prime factors of 1126388?
2, 379, 743
What are the prime factors of 4829080?
2, 5, 23, 29, 181
What are the prime factors of 30044?
2, 7, 29, 37
What are the prime factors of 6631081?
6631081
List the prime factors of 43227835.
5, 7, 29, 42589
List the prime factors of 1293382.
2, 23, 31, 907
List the prime factors of 8796329.
397, 22157
What are the prime factors of 8817842?
2, 11, 113, 3547
What are the prime factors of 1627214?
2, 433, 1879
What are the prime factors of 3020234?
2, 7, 29, 43, 173
List the prime factors of 3426774.
2, 3, 13, 43933
What are the prime factors of 469776?
2, 3, 9787
List the prime factors of 617561.
7, 88223
List the prime factors of 296449.
521, 569
List the prime factors of 29824.
2, 233
List the prime factors of 1341784.
2, 179, 937
List the prime factors of 41646.
2, 3, 11, 631
What are the prime factors of 2003995?
5, 7, 31, 1847
List the prime factors of 718832.
2, 44927
What are the prime factors of 3143360?
2, 5, 11, 19, 47
What are the prime factors of 923537?
97, 9521
List the prime factors of 523038.
2, 3, 179, 487
List the prime factors of 2845163.
233, 12211
List the prime factors of 9415878.
2, 3, 23, 31, 71
List the prime factors of 1102167.
3, 11, 1237
What are the prime factors of 2027347?
7, 509, 569
What are the prime factors of 2254258?
2, 31, 103, 353
List the prime factors of 1574490.
2, 3, 5, 31, 1693
List the prime factors of 1504715.
5, 151, 1993
List the prime factors of 618018.
2, 3, 17, 73, 83
List the prime factors of 2767514.
2, 1383757
List the prime factors of 898605.
3, 5, 19, 1051
List the prime factors of 934048.
2, 17, 101
What are the prime factors of 32053342?
2, 19, 47, 131, 137
What are the prime factors of 628561?
628561
What are the prime factors of 1616387?
19, 241, 353
What are the prime factors of 5038028?
2, 263, 4789
List the prime factors of 12816229.
67, 197, 971
List the prime factors of 11026352.
2, 683, 1009
List the prime factors of 5706492.
2, 3, 11, 17, 2543
List the prime factors of 16514.
2, 23, 359
What are the prime factors of 79323?
3, 137, 193
What are the prime factors of 14948738?
2, 7, 1067767
What are the prime factors of 370133?
370133
What are the prime factors of 5984875?
5, 13, 29, 127
List the prime factors of 1061177.
13, 81629
List the prime factors of 25846286.
2, 241, 53623
List the prime factors of 653462.
2, 397, 823
What are the prime factors of 306006?
2, 3, 51001
List the prime factors of 1335638.
2, 667819
What are the prime factors of 1574074?
2, 19, 23, 1801
List the prime factors of 215385.
3, 5, 83, 173
List the prime factors of 595064.
2, 74383
What are the prime factors of 435815?
5, 101, 863
What are the prime factors of 3716650?
2, 5, 7, 37, 41
What are the prime factors of 2866496?
2, 44789
What are the prime factors of 6010893?
3, 7, 73, 1307
What are the prime factors of 116274?
2, 3, 19379
List the prime factors of 30183674.
2, 1847, 8171
List the prime factors of 6324347.
6324347
List the prime factors of 6357724.
2, 1589431
What are the prime factors of 8314371?
3, 13, 179, 397
List the prime factors of 575833.
19, 30307
List the prime factors of 967812.
2, 3, 80651
What are the prime factors of 156552?
2, 3, 11, 593
What are the prime factors of 2551458?
2, 3, 7, 13, 4673
List the prime factors of 888698.
2, 444349
List the prime factors of 187513.
187513
List the prime factors of 101557.
41, 2477
What are the prime factors of 31178713?
4931, 6323
What are the prime factors of 4660641?
3, 43, 12043
List the prime factors of 343516.
2, 157, 547
List the prime factors of 138768.
2, 3, 7, 59
What are the prime factors of 494424?
2, 3, 7, 109
List the prime factors of 6783.
3, 7, 17, 19
What are the prime factors of 6665178?
2, 3, 13, 85451
List the prime factors of 3417073.
11, 310643
What are the prime factors of 259087?
97, 2671
List the prime factors of 6172.
2, 1543
List the prime factors of 929416.
2, 116177
What are the prime factors of 10266809?
7, 23, 43, 1483
List the prime factors of 977731.
67, 14593
List the prime factors of 109172.
2, 7, 557
List the prime factors of 2349123.
3, 7, 111863
What are the prime factors of 163904?
2, 13, 197
List the prime factors of 501633.
3, 11, 563
What are the prime factors of 3194950?
2, 5, 11, 37, 157
List the prime factors of 20328490.
2, 5, 7, 13, 89, 251
What are the prime factors of 58693?
58693
What are the prime factors of 2402889?
3, 307, 2609
What are the prime factors of 338606?
2, 17, 23, 433
What are the prime factors of 161178?
2, 3, 26863
What are the prime factors of 579230?
2, 5, 57923
What are the prime factors of 2222240?
2, 5, 17, 19, 43
What are the prime factors of 598437?
3, 7, 23, 59
What are the prime factors of 171172?
2, 42793
What are the prime factors of 1098973?
1098973
List the prime factors of 346079.
346079
List the prime factors of 606213.
3, 193, 349
List the prime factors of 1709918.
2, 7, 37, 3301
List the prime factors of 2304923.
127, 18149
What are the prime factors of 3059631?
3, 339959
What are the prime factors of 2096620?
2, 5, 104831
List the prime factors of 1310440.
2, 5, 181
List the prime factors of 169321.
169321
What are the prime factors of 811904?
2, 6343
What are the prime factors of 247482?
2, 3, 4583
What are the prime factors of 296108?
2, 74027
What are the prime factors of 140915?
5, 28183
List the prime factors of 20138051.
211, 95441
List the prime factors of 6952.
2, 11, 79
List the prime factors of 454468.
2, 7, 16231
What are the prime factors of 2911109?
1471, 1979
List the prime factors of 200962.
2, 89, 1129
What are the prime factors of 935993?
71, 13183
List the prime factors of 256641.
3, 7, 11, 101
List the prime factors of 1088761.
1088761
List the prime factors of 554493.
3, 184831
List the prime factors of 6001911.
3, 222293
List the prime factors of 139690.
2, 5, 61, 229
List the prime factors of 3418102.
2, 433, 3947
What are the prime factors of 1991209?
11, 181019
List the prime factors of 913857.
3, 7, 43517
List the prime factors of 729799.
7, 137, 761
List the prime factors of 326688.
2, 3, 41, 83
List the prime factors of 368089.
368089
List the prime factors of 18489914.
2, 17, 43, 12647
List the prime factors of 2259482.
2, 1129741
What are the prime factors of 26608?
2, 1663
List the prime factors of 2915035.
5, 583007
What are the prime factors of 24119323?
2341, 10303
List the prime factors of 162614.
2, 81307
List the prime factors